to base 8.
-336212
What is 124101314 (base 5) in base 12?
2566b1
55004 (base 10) to base 2
1101011011011100
What is 4130123 (base 7) in base 2?
1111000110001010000
What is 1134630 (base 8) in base 11?
1a1716
Convert 224344 (base 8) to base 15.
177be
Convert 121321001 (base 4) to base 10.
106049
14c1b3 (base 15) to base 14
1c1624
-200469 (base 14) to base 7
-12102362
-15415 (base 10) to base 4
-3300313
What is -886e2 (base 16) in base 15?
-b0898
Convert 1137267 (base 8) to base 11.
1a26a8
241154 (base 6) to base 2
101001000011110
What is -1665397 (base 11) in base 12?
-b47459
Convert -3812 (base 15) to base 2.
-10111010100110
-28121 (base 10) to base 13
-ca52
-a6dca (base 15) to base 2
-10000001010011001111
What is 14636646 (base 7) in base 13?
3a240b
What is 16045154 (base 7) in base 10?
1540844
What is 160410 (base 7) in base 11?
21670
Convert 22265 (base 13) to base 5.
3440222
Convert -283a2a (base 12) to base 15.
-d38aa
What is 2710713 (base 8) in base 5?
143230334
Convert -dc676 (base 15) to base 7.
-5644032
What is -124030242 (base 5) in base 7?
-5124165
-3f454 (base 16) to base 14
-6a632
-4a672 (base 12) to base 16
-18b36
Convert 104034 (base 10) to base 4.
121121202
21111332 (base 5) to base 11
110127
What is -202213112321 (base 4) in base 12?
-3057275
-112350 (base 9) to base 4
-100130130
What is -121112323 (base 4) in base 2?
-11001010110111011
Convert 15653031 (base 8) to base 2.
1101110101011000011001
198985 (base 13) to base 4
2132011330
What is -1000011010101110 (base 2) in base 12?
-17b52
2554431 (base 7) to base 13
b86cb
-33434321 (base 5) to base 12
-123503
Convert -3deab (base 16) to base 4.
-331322223
3160360 (base 8) to base 9
1525685
-974247 (base 16) to base 5
-10014203103
295b4 (base 16) to base 10
169396
101021120011 (base 3) to base 11
129028
18f473 (base 16) to base 8
6172163
Convert -23021300 (base 4) to base 7.
-250115
-315c9 (base 15) to base 12
-76730
What is -cb1502 (base 14) in base 12?
-2379712
13032333 (base 6) to base 11
26a906
Convert a46795 (base 11) to base 15.
2322c6
What is 12002011010 (base 3) in base 4?
120122100
Convert -274618 (base 9) to base 16.
-28e14
What is 23151 (base 16) in base 10?
143697
Convert -1019676 (base 11) to base 8.
-6671516
What is -187164 (base 13) in base 16?
-963f3
114449 (base 10) to base 6
2241505
What is 2a0083 (base 12) in base 8?
2541143
-94601 (base 10) to base 16
-17189
What is fd2561 (base 16) in base 14?
22bbda9
Convert 1550a9 (base 11) to base 10.
241030
Convert 1012002012201 (base 3) to base 4.
2122022230
What is -3078bb (base 13) in base 3?
-2010110010011
-142199 (base 12) to base 5
-41213433
Convert -22ba06 (base 12) to base 4.
-2020213212
Convert 5232102 (base 6) to base 15.
50045
c77447 (base 13) to base 10
4671557
Convert 16752c5 (base 14) to base 5.
10311232202
-774b5 (base 14) to base 6
-10110131
What is 101100100110101011011 (base 2) in base 12?
5a59b7
-19331a0 (base 11) to base 14
-61155d
What is -1001203312 (base 4) in base 2?
-1000001100011110110
What is 325859 (base 12) in base 5?
201012304
3964110 (base 10) to base 2
1111000111110011001110
What is 13062277 (base 8) in base 12?
b837bb
-80aa9 (base 11) to base 4
-130322321
111222112212 (base 3) to base 12
113342
What is -5b9916 (base 13) in base 8?
-10271115
What is -42895 (base 12) in base 8?
-253161
Convert 1344130442 (base 5) to base 10.
3505122
What is 5008575 (base 9) in base 14?
4d494a
530ba (base 15) to base 5
31412200
3253 (base 10) to base 14
1285
Convert 1464538 (base 10) to base 7.
15306535
52b31c (base 15) to base 12
1399900
Convert -1000110011010101011 (base 2) to base 14.
-7717d
What is -62867 (base 11) in base 16?
-1659d
1d8b80 (base 14) to base 12
432324
Convert -2cda (base 14) to base 2.
-1111101100000
Convert 12220100212 (base 3) to base 12.
57295
What is 3205 (base 14) in base 16?
21b5
-1911b (base 12) to base 10
-36455
30035303 (base 6) to base 2
11001110010001010111
-18880 (base 10) to base 8
-44700
What is -27099 (base 15) in base 9?
-210440
Convert -204202133 (base 5) to base 16.
-cf975
What is 114124 (base 8) in base 13?
14999
14344632 (base 7) to base 6
45021033
394b0 (base 13) to base 4
121330203
Convert -4565404 (base 7) to base 13.
-16cb55
What is 1356011 (base 11) in base 13?
63a2cc
Convert 26dc4c (base 14) to base 16.
1482ec
-5355663 (base 8) to base 12
-590bab
Convert 92c478 (base 13) to base 6.
201232350
What is -16610230 (base 7) in base 13?
-45226c
What is -181cbc (base 14) in base 8?
-3174756
Convert -583860 (base 12) to base 10.
-1416456
What is -1297679 (base 10) in base 16?
-13cd0f
Convert -102613 (base 10) to base 12.
-4b471
Convert -1220100012 (base 5) to base 12.
-b76765
What is -3421024444 (base 5) in base 9?
-15256212
-1236156 (base 7) to base 2
-100111001101100110
What is 100102002210 (base 3) in base 14?
4b717
What is 102101200120 (base 3) in base 14?
5ba5a
30240042 (base 5) to base 7
2031612
What is 7b3791 (base 14) in base 12?
14a4a43
What is -245255010 (base 6) in base 4?
-102010012032
What is 1223201112 (base 4) in base 13?
1255c5
Convert -131805 (base 9) to base 15.
-18b0e
Convert -1044202244 (base 5) to base 12.
-947123
Convert -18c5a2 (base 13) to base 2.
-10011001000110110010
What is -70a51b (base 14) in base 6?
-213145101
What is 58285 (base 11) in base 12?
40878
101545b (base 15) to base 14
17440bd
What is 184809 (base 10) in base 7?
1366542
Convert -3113c3 (base 14) to base 11.
-a307a1
What is 112113340 (base 6) in base 2?
111110111100101111100
What is -404353 (base 9) in base 10?
-239403
What is -2210002222000 (base 3) in base 5?
-334302020
Convert 4700573 (base 8) to base 5.
311401311
-1000233 (base 7) to base 6
-2305123
Convert -18b3ca (base 14) to base 5.
-211013402
Convert 27839 (base 10) to base 16.
6cbf
-39420 (base 13) to base 2
-11001111010101110
What is 5d591d (base 14) in base 11?
1899273
What is -609388 (base 11) in base 10?
-978744
Convert -102210201020 (base 3) to base 15.
-48c96
What is -1465354 (base 7) in base 15?
-3e924
-11111010100010100110010 (base 2) to base 4
-133110110302
-2201130 (base 6) to base 15
-22509
Convert 6055756 (base 9) to base 11.
1903588
What is -233602603 (base 7) in base 16?
-dc90db
Convert 466507 (base 9) to base 11.
1816a2
10101011101110110010 (base 2) to base 3
1022201220020
Convert -387965 (base 15) to base 13.
-73aca8
100000111111000110101 (base 2) to base 6
35100033
What is 101305 (base 8) in base 11?
23174
What is -1216244 (base 12) in base 2?
-1101011010001011010100
46a2 (base 15) to base 4
3222122
What is 22669 (base 15) in base 14?
2bc5b
What is -1011110111011000111011 (base 2) in base 16?
-2f763b
What is -172105 (base 11) in base 8?
-1010126
-19326 (base 15) to base 2
-10011111100101111
Convert 241541555 (base 6) to base 11.
2641671
What is 1b4078 (base 13) in base 4?
2221201033
36511e (base 15) to base 11
1515741
What is -380827 (base 12) in base 8?
-3370237
-21323 (base 14) to base 16
-13943
Convert -4130323 (base 7) to base 2.
-1111000110010110010
3000f (base 16) to base 4
300000033
-181521 (base 9) to base 7
-646354
c2a7 (base 13) to base 4
12203113
1060e2d (base 16) to base 5
13344032221
What is 2230241 (base 5) in base 6?
502342
-64101 (base 12) to base 13
-47ac4
What is -131213232 (base 4) in base 9?
-204376
16416264 (base 7) to base 15
2196b3
What is -3de691 (base 16) in base 5?
-2014303341
Convert -596595 (base 16) to base 8.
-26262625
Convert -5cc54d (base 15) to base 4.
-100331131321
Convert 2030311 (base 5) to base 15.
9c8b
What is 455456 (base 7) in base 4?
103310201
-8b904 (base 12) to base 6
-3554004
What is -73668 (base 10) in base 6?
-1325020
45436561 (base 7) to base 9
7403884
13432642 (base 7) to base 16
131a5b
What is -3443808 (base 11) in base 8?
-26762424
Convert -2122140011 (base 5) to base 6.
-240123022
3257c8 (base 13) to base 16
120e65
What is 145423135 (base 7) in base 16?
945220
641084 (base 10) to base 13
195a52
-2241410 (base 5) to base 13
-15408
What is 125351343 (base 6) in base 4?
21203010033
2230230310 (base 4) to base 14
145b12
Convert -e20209 (base 16) to base 5.
-12242433112
-5288208 (base 12) to base 10
-15607592
1981e (base 16) to base 12
50566
What is -257855 (base 9) in base 13?
-56432
Convert 1002200210120 (base 3) to base 11.
36a174
-49697 (base 10) to base